e
Let p = 479 + 688. Is p a prime number?
False
Let q(r) = 64*r**2 - 7*r - 104. Is q(15) a prime number?
False
Let x be (1 + 5)/(-2) + 9 - 3. Suppose -2338 = -3*j - j + 2*p, x*j - 1746 = -p. Is j a composite number?
True
Let q(k) = k**3 - 2*k**2 + 1. Let h be q(1). Suppose -5*g - 3*f + 402 = 0, h = -g + 4*f + 113 - 28. Let y = -55 + g. Is y a composite number?
True
Let f(u) = 68*u**2 - 11*u + 96. Is f(29) prime?
False
Is (3/(-9))/(8/(-6024)) a prime number?
True
Let n(d) = -245*d + 14. Is n(-13) composite?
True
Suppose 7*p - 8536 = 1369. Is p prime?
False
Let l(c) = -c + 11. Let i be l(9). Suppose i*h - 4*u + 46 = -u, 3*u = -2*h - 46. Let d = 100 + h. Is d composite?
True
Let b(t) = 211*t + 7. Let n be b(3). Let o = n - 18. Is o a composite number?
True
Suppose 2*y - 4*y - 14460 = -5*i, -2*i - 2*y = -5798. Is i a prime number?
False
Is 4/6 - (-44485)/21 a prime number?
False
Let y = -2 - 8. Is 2/y - 83660/(-50) a composite number?
True
Suppose -7099 = -w + g, -2*w + 13078 = 3*g - 1140. Is w composite?
False
Let t(i) = 882*i + 263. Is t(7) composite?
True
Suppose -4*k - v = -2*k - 9, -4*k - 3*v + 19 = 0. Suppose -2*f + 60 = k*i - 360, -5*f = -i + 127. Suppose -5 = -u, u - 37 = -l + i. Is l prime?
True
Let z(m) = 138*m**2 - 2*m - 2. Let v be z(2). Suppose 4*b - k - v = 158, -4*k = -4*b + 704. Let n = b + -109. Is n a composite number?
False
Suppose -18*g + 2*y - 5561 = -23*g, 0 = 2*g - 4*y - 2210. Is g composite?
True
Suppose y + y + 1 = -3*t, -5*y + 5*t = 15. Let a be (y/7)/(7/49). Is a*(-4)/((-24)/(-339)) a composite number?
False
Let z(h) = 359*h - 307. Is z(16) prime?
True
Is -1 - (2305*-2 - 0) a composite number?
True
Let t be ((-4)/4)/(4/(-1268)). Let j = t + 0. Is j prime?
True
Suppose o - 14 = -o. Let n(j) = -5 + 105*j + 95*j + o + 139*j. Is n(1) composite?
True
Let m(q) = -2*q**3 + 2*q**2 - 3*q - 1. Let l be -1 + (-24)/4 + 2. Let t be m(l). Suppose 2*a = 4*s - t, 0*s + a = 4*s - 311. Is s a prime number?
False
Suppose 3*p - o - 28 = -3, 4*p - 2*o - 30 = 0. Suppose p = -2*y, 0 = 5*j + 3*y - 4088 - 9252. Is j a prime number?
True
Let t(b) = -6727*b**3 - 2*b**2 - 3*b - 5. Is t(-2) a composite number?
True
Let c(l) = 3*l**3 - 22*l**2 - 16*l + 23. Is c(14) prime?
True
Let c = -16 + 99. Let q = 234 + c. Is q composite?
False
Let i = 7641 + -1004. Is i a composite number?
False
Suppose -5*k + 3*k + 4869 = -5*v, -k + 2436 = -v. Is k prime?
True
Suppose 0 = 5*c - w - 77627 - 8603, 4*c = -w + 68993. Is c a composite number?
True
Let k be (-2)/(-1) - (-1 + -1). Suppose 2*n + 2 = -k, 5*w - 18 = n. Let r(z) = 23*z - 4. Is r(w) prime?
False
Suppose 33*s = 36*s. Suppose 0*b - 7*b + 3619 = s. Is b a composite number?
True
Suppose 8254 + 2858 = 3*n. Let q = -1254 + n. Suppose 3*x - q = -827. Is x a composite number?
False
Let a(z) = 2*z**3 - 15*z**2 - 8*z - 3. Let b be a(8). Let o = b - -506. Is o a prime number?
True
Let k(m) = 22*m**2 + 5*m - 4. Suppose -4*a + 12 = -a. Let t be (a - 2)/(2/(-5)). Is k(t) composite?
False
Suppose -3202 - 6130 = -4*f. Is f composite?
False
Let c = 17 + 4. Suppose 5*w - c = -6. Suppose -3*n - 4*h = -1667, -4*n - w*h + 134 = -2091. Is n composite?
False
Let l(a) = 24*a**3 + a**2 + 13*a - 3. Is l(7) a composite number?
False
Let n(i) = -12*i. Let h be n(-1). Is 5/2*-4*(-1578)/h composite?
True
Let s(x) = x + 14. Let b be 2/(-8) + (-46)/8. Let c be s(b). Is (732/c)/(9/30) a prime number?
False
Suppose 3*g + 15 = 0, -5*o + 2*g + 16 = -19. Let q(u) = 117*u**2 + 2*u - 8. Is q(o) prime?
True
Suppose -5*s = -5*z + 93150, 10992 = 2*z + 2*s - 26288. Is z prime?
False
Let i(g) be the first derivative of 5*g**3/3 + g**2 + 37*g + 2. Is i(-8) a composite number?
True
Let d(q) be the third derivative of 0*q - 7/12*q**4 + 0 + 1/6*q**3 - 1/60*q**5 + 12*q**2. Is d(-11) composite?
True
Let v be (-4)/(-20) - 11656/(-20). Suppose v = -6*b + 2773. Is b composite?
True
Suppose -5*k = 3*g - 1028, 250 = 2*k + g - 161. Suppose -18 = -j + k. Is j a prime number?
True
Let u(o) = -o**3 - 6*o**2 - 7*o + 5. Let x be u(-4). Let q(t) = 1534*t + 1. Is q(x) a composite number?
True
Suppose -r = -5*s - 87, -5*s + 2*r = 22 + 67. Let d be (-15)/(-35) + s/7. Is 92 + 2 + 2 + d prime?
False
Let q(u) = 6*u**2 - 3*u - 2. Suppose 2 = -2*c + 8. Is q(c) prime?
True
Suppose 5*i - 13194 = 2*l, i + 658 = 3*l + 3302. Is i a prime number?
False
Suppose 0*v - 2*v + 10 = 0. Suppose 5*c = 3*p + 146, 0 = v*p + 4*c - 6*c + 237. Let a = 102 + p. Is a a composite number?
True
Suppose 0*m - 11*m - 8899 = 0. Let r = 1328 + m. Is r a prime number?
False
Let q(u) = -104*u + 511. Is q(-33) prime?
True
Let a(x) = 78*x**3 + 4*x**2 - 4*x + 11. Is a(4) a composite number?
False
Suppose 7*v - 33*v + 1961466 = 0. Is v composite?
True
Is 1049 - (-3 - 2 - -1 - -4) a prime number?
True
Let m(b) = b - 1. Let x(k) = -k. Let f(c) = -3*m(c) - 2*x(c). Let r be f(4). Let z(q) = 120*q**2 - 1. Is z(r) prime?
False
Is 4/(-6) + (-1763619)/(-117) a composite number?
False
Let q(s) = 495*s**3 - 2*s**2 - 6*s + 3. Is q(2) composite?
False
Let h(x) = 305*x**2 - 3*x + 55. Is h(6) prime?
False
Let d be -1*(-2 - 140 - -1). Let u = d - 22. Is u prime?
False
Suppose -t = 5*y - 9652, -y - 692 = -4*t - 2614. Let a = -671 + y. Is a composite?
False
Let f = 112 - -3607. Is f a composite number?
False
Is (-6316)/6*-3 - (26 - 31) composite?
False
Suppose d + 14 = 8*d. Suppose 7*f - 3730 = d*f. Is f a composite number?
True
Let m(s) = s**2 + 95*s + 485. Is m(64) prime?
False
Let y = -8498 - -4516. Let i = 5675 + y. Is i prime?
True
Let f = -9827 + 17742. Is f a prime number?
False
Suppose -2492 = 5*g - 26797. Is g prime?
True
Suppose 5*x = -15*x + 13620. Is x composite?
True
Let y(h) = 541*h - 149. Is y(6) a composite number?
True
Let n(h) = -28*h + 7. Let u be n(-3). Suppose 0 = y - u - 304. Is y composite?
True
Let f = 19140 + 18973. Is f a composite number?
False
Let r(d) = -d**2 - 1. Let v be r(0). Let m(l) = 862*l**2 - 2*l - 2. Let a be m(v). Suppose -a = -j - j. Is j a prime number?
True
Suppose 3*u = -c + 1043, -c + 2*u + 4116 = 3*c. Is c composite?
False
Suppose 6*j = -4*n + 2*j + 204, -4*j = -20. Let u = 15 - 26. Let i = u + n. Is i a prime number?
False
Suppose -4*a - 4377 + 18133 = 0. Let k = a - 1122. Is k composite?
True
Suppose -761 + 646 = -i. Is i composite?
True
Let v(b) = 62*b + 9. Let k(m) = m - 1. Let z(g) = -4*k(g) - v(g). Let a = -1 - 1. Is z(a) a prime number?
True
Suppose a = -3, 143 = 3*i - 2*a + 44. Is ((i/(-2))/(8/16))/(-1) prime?
True
Let k(s) = -3612*s + 1151. Is k(-6) a prime number?
False
Let s = 312 + -645. Suppose 8*n + 86 = -890. Let o = n - s. Is o prime?
True
Suppose 58*f - 64*f = -172662. Is f composite?
True
Suppose z + 5 = -2*d, d = -5*z + 2*d - 14. Let t(h) = h**3 + 4*h**2 + 5*h + 2. Let f be t(z). Let l(s) = -15*s + 5. Is l(f) prime?
False
Is -10 + 65509 + -15 - (0 + 1) composite?
True
Let u be 8/((-3)/((-1068)/8)). Let d = u - 193. Suppose -2*g + 140 + 20 = -2*c, 2*g - d = 3*c. Is g a prime number?
False
Suppose 0 = 3*n + g + 4*g - 24, n - 2*g = -3. Is -958*(n/2 - 2) prime?
True
Suppose -5*o - 5*l + 151426 - 10676 = 0, -3*l = -2*o + 56305. Is o a composite number?
False
Let a be ((0/1)/(-2))/(6/3). Suppose 3*f - 540 = -2*g, -2*f = -g - a*f + 263. Is g prime?
False
Is 13/(-169) - (-49310)/13 composite?
False
Suppose 93*p = 83*p + 281590. Is p a prime number?
False
Let x = -91 + 95. Is x + 0 - (-1877 - 20) a composite number?
False
Let y = 118256 - 71917. Is y a composite number?
True
Let q(n) = n**3 - 10*n**2 + 12*n - 21. Let k be q(9). Suppose k*a - 4826 = 2*a + 2*w, 4*a + 5*w - 4833 = 0. Is a a prime number?
False
Let h be 0 - (0 + (-1)/(-1)). Let g be 15/(3 + -4)*h. Suppose 2245 = -g*d + 20*d. Is d composite?
False
Let a = 32562 - 16835. Is a prime?
True
Let f be (-1 - -1)/(-4 + 6). Suppose f = 2*b + 4*c - 36, 2*c = 3*b - 3*c - 32. Is b/56 - 295/(-4) prime?
False
Let r(l) = l**3 - 17*l**2 + 17*l - 15. Let j be r(16). Let s = -1 + j. Suppose s = -c - 3 + 82. Is c prime?
True
Suppose -3*b - 2*x + 24273 + 7288 = 0, -2*b - 4*x = -21054. Is b composite?
True
Let s(f) = 11778*f**3 - 2*f**2 - 7*f + 8. Is s(1) a prime number?
True
Suppose -5*f = 2136 - 27931. Suppose 2*w + 2*z - 1446 = 0, 5*w + 1580 - f = 4*z. Is w a composite number?
False
Let m = 28 + -28. Suppose -o + 4 + 0 =